?
3
Let g be (4 - 0)/((-8)/16). Let k be (-2 + -6)*g/16. Suppose 5*m + 0 - 25 = -5*s, -4*s = -k*m + 60. What is the tens digit of m?
1
Let j(t) = 10*t - 30. What is the units digit of j(12)?
0
Let d be (-1)/(-6) - 253/(-66). What is the units digit of (d - -55 - 1)/1?
8
Suppose -114 = -3*y + 2*f, -4*f + 5*f = -3. Suppose -4*w = 2*r + y, -4*r - 2 = -2*w - 0. What is the units digit of w/7 + (-74)/(-2)?
6
Let j be 15/(-5)*(-10)/3. Suppose -2*c = 2*x + j, 15 = -2*x - c - 2*c. Suppose i - 9 - 43 = x. What is the units digit of i?
2
Let d be -3 - -1*(13 - (1 + -2)). Let f = d - -21. What is the units digit of f?
2
Let n(o) = 2*o**3 + 3*o + 2. Let k(t) = 3*t**3 - t**2 + 3*t + 2. Let i(f) = 3*k(f) - 4*n(f). Let c be i(4). What is the units digit of c - ((-12)/3 + -21)?
7
Let g(z) be the first derivative of -1/3*z**3 - 2*z - 4 - 5/2*z**2. What is the units digit of g(-4)?
2
Let v(j) = -2*j**2 + 81*j + 59. What is the units digit of v(36)?
3
What is the units digit of 26/(-2)*(2 - (-150)/(-6))?
9
Suppose -4*t + 48 = 4*k, -3*k - 2*t = -3*t - 40. Suppose k*h - 9*h = 508. What is the tens digit of h?
2
Suppose -2*q + 17 + 15 = 0. Suppose z = -4*z + 20. What is the tens digit of 452/q - (-3)/z?
2
Let i(x) be the third derivative of 17*x**5/12 + x**4/8 - 7*x**2. What is the tens digit of i(-1)?
8
Let y = 2980 - 1755. Suppose 0 = 2*a + 3*a - y. What is the tens digit of a?
4
Suppose -g + 4*n - 28 = 2*g, 4*n + 36 = -5*g. Let q be 0 - 0 - (-2 + -10). Let b = q + g. What is the units digit of b?
4
Let z(t) = 8*t**3 - 3*t**2 - 5*t + 5. Let p be z(3). Let i = p + 92. What is the hundreds digit of i?
2
Suppose j + 9 + 1 = 0. Let q be -36 - -4*(-5)/j. Let h = 89 + q. What is the tens digit of h?
5
Let x = -80 - -84. Suppose -25 = -4*r - 4*s + 663, -2*r = -x*s - 314. What is the hundreds digit of r?
1
Let n(c) = 117*c - 21. What is the hundreds digit of n(2)?
2
Let u(t) = 83*t**2 + 7*t - 17. What is the tens digit of u(6)?
1
Let b(v) = v**2 + 5*v - 22. Let k be b(-6). What is the units digit of 2364/16 + (-4)/k?
8
Let c = -469 - -827. What is the tens digit of c?
5
Let q(i) = -2*i + 2. Let d be q(0). Suppose -d*y + 5*y - 171 = 0. What is the tens digit of y?
5
Let g be (0 + -3)*(-20 + (-1121)/(-57)). Let p(d) = d**2 + 3*d - 6. Let m be p(-5). Let k = m - g. What is the units digit of k?
3
Suppose 0 = -384*q + 383*q + 511. What is the tens digit of q?
1
Suppose -3*g - 102 = -3*n, 2*n + 22 = -4*g + 108. Let t = -12 + n. What is the units digit of t?
5
Let k(v) = -2*v**2 + 4. Let p be k(-2). What is the tens digit of (p + 53/2)*10/3?
7
Let l = -242 - -495. What is the units digit of l?
3
Let w(p) = -p**2 - 17*p - 37. Let r be w(-5). Let s = 5 - 3. What is the tens digit of r/(s - (-25)/(-15))?
6
Suppose -6*i - 3144 = -19440. What is the thousands digit of i?
2
Suppose 4 - 8 = -2*u. Suppose 0 = -7*t + u*t - 5, 4*h = 3*t + 419. What is the tens digit of h?
0
Suppose 39*u - o = 38*u + 2289, 5*o + 9154 = 4*u. What is the thousands digit of u?
2
Let s = 66 - -592. What is the units digit of s?
8
Suppose -x - 4*p - 2 = 0, 2*x + 5 = -p + 15. What is the units digit of x?
6
Let g be (-8)/4 - (-288 - -1). Suppose 4*s + g = -103. Let m = -43 - s. What is the units digit of m?
4
Suppose 124 = -4*k + 3*h + 2*h, -2*k - 60 = -2*h. Let y be 4/k + (-2)/(-13). Suppose y*o - 3*o + 60 = d, -3*d + 150 = -o. What is the tens digit of d?
5
Suppose n - 9 + 1 = 0. Suppose -4*t = -n*t + 16. Suppose -3*x + 22 = -d + 59, -t*x = 2*d - 34. What is the units digit of d?
5
Let s(h) be the third derivative of h**5/15 - h**4/8 + 5*h**3/6 + h**2. Let w be (229 - 228) + (1 - -1*1). What is the units digit of s(w)?
2
Let b be (-3)/((-3)/(-2))*(-327 - -20). Suppose -3*p - b = -5*p. What is the units digit of p?
7
Let h(p) = 2*p**2 - 7*p - 4. Let g be h(6). Let o = 22 - g. What is the tens digit of (-6)/(6/(-35)) - o?
3
Let l(c) = -c**3 + 6*c**2 - 2*c + 21. Let p be ((-12)/5)/((-36)/90). What is the units digit of l(p)?
9
Let h(t) = -2*t + 2*t**3 - 3*t**3 + 18 + 13*t + 0*t**3 - 18*t**2. What is the tens digit of h(-19)?
7
Let z = 5 + -6. Let w = -15 + -17. What is the units digit of (-3)/(-1) - (z + w)?
6
What is the tens digit of (-2)/3*(51 - 54) + 102?
0
Let p(g) = g**3 + 6*g**2 + 2*g - 1. Let u be p(-5). Suppose -22 = -o - 3*f - 5, 3*o = 4*f - u. Suppose o*c = 7*c - 75. What is the units digit of c?
5
Let o be 24/10 + (-22)/55. Suppose -n + 6*d + 90 = 3*d, -o*d = -4*n + 310. What is the tens digit of n?
7
What is the tens digit of 18 - 6 - 9 - 3194/(-2)?
0
Let a = -17 + 20. Suppose -3*i = a*w - 78, w = -i + 2*w + 28. What is the units digit of i?
7
Let o = -4 + -5. Let z be (10/(-2))/(o/18). Suppose -2*w - 4*u + 54 = z, 2*u - 8 = 0. What is the units digit of w?
4
Let r(j) = -46*j - 15. Let w(a) = 23*a + 7. Let s(k) = 4*r(k) + 7*w(k). What is the tens digit of s(-5)?
0
Let f(j) = j**2 + 23*j - 4. Let u be f(-24). Let a be (-2)/((2 - 4)*1). What is the tens digit of (u/16)/(a/12)?
1
Suppose -s - 10 - 19 = 0. Let b = s - -26. What is the units digit of 4 + (23 - (-6)/b)?
5
Let a = -1442 - -2092. What is the tens digit of a?
5
Let f = -4246 + 6773. What is the thousands digit of f?
2
Let v be (-1 - 16) + (11 - 15). Let k = v - -29. Suppose k = 17*b - 16*b. What is the units digit of b?
8
Let o(j) = -5*j + 10. Let c be o(8). Let a = 145 - c. Suppose 0 = 9*p - 14*p + a. What is the tens digit of p?
3
Suppose -3*t + 3*n - 348 = 0, 4*n + 242 = -5*t - 320. Let l = 143 + t. What is the tens digit of l?
2
Let i = -53 - -37. Let s = i - -17. What is the units digit of s?
1
What is the hundreds digit of (-1)/(7530/1884 + -4)?
3
Let h = 0 + 81. What is the units digit of h?
1
Let n = 81 - -400. What is the tens digit of n?
8
Let q(w) = -w**2 - 2*w + 7. Let x be q(5). Let k = 59 + x. What is the tens digit of k?
3
Let h = -20 + 48. Suppose 3*t - h = -t. Let c = 4 + t. What is the units digit of c?
1
Let b(k) = -5*k + 2. Let n be b(6). Let f = n + 16. What is the units digit of (2 - (-7)/(-2))*f?
8
Let v be -3*4*6/(-3). Suppose g = -6 + v. What is the tens digit of g?
1
What is the hundreds digit of 418 + (-10)/(-2) + -2?
4
Let b be 2 + -2 + -2 + 7. Suppose -b*x = -183 - 52. What is the tens digit of x?
4
Let v(i) = 41*i**2 + 17. What is the units digit of v(4)?
3
Suppose -13*h = h - 25662. What is the tens digit of h?
3
Let c(t) be the first derivative of t**3 - 3*t**2 + 2*t + 1. What is the tens digit of c(-3)?
4
Let j(m) = -m**2 + 7*m + 1. Let h(n) = -1. Let p(z) = 4*h(z) - j(z). What is the hundreds digit of p(15)?
1
Let n(i) = -3*i**2 - 2*i - 1. Let l be n(-1). Let k be 3/l*48/(-36). Suppose -o + 19 + 15 = 4*g, -k*g - 100 = -4*o. What is the units digit of o?
6
Let g(f) = 1 + 2*f**2 + 2 - 1 - 2*f. Let a be ((-6)/(-15))/((-3)/(-60)*4). What is the units digit of g(a)?
6
Let m = -73 - -605. What is the hundreds digit of m?
5
Suppose 3*s + 138 = -0*s. Let x = 33 + s. Let b = 43 + x. What is the units digit of b?
0
Let k(q) = q**3 + 4*q**2 - 3*q + 2. Let g be k(3). Suppose 3*d + 22 = 3*b - 23, 5*b + 29 = -3*d. Let z = d + g. What is the tens digit of z?
4
Suppose 15*o - 3475 = 14750. What is the units digit of o?
5
Suppose 10*y - 2302 = 11978. What is the units digit of y?
8
Let p(g) = 6*g**2 - 11*g + 22. What is the tens digit of p(-11)?
6
Suppose x + 12 = 3*x - 2*u, 2*x = -5*u - 2. Suppose 0 = -x*p + 2*k + 120, 2*p - p - 31 = k. What is the tens digit of p?
2
Suppose -2*x - 5*p + 1498 = 0, -x + 0*p = 2*p - 751. What is the units digit of x?
9
Let l be (3048/32)/((-3)/(-8)). Suppose 5*p = 6 + l. What is the tens digit of p?
5
Let t(u) = 6*u - 2. Let b be t(1). Suppose -160 = 3*w - b*w. What is the units digit of w?
0
Let c(a) = 64*a**2 + 5*a - 1. Let w be 4/((-16)/8)*(-1 + 0). What is the units digit of c(w)?
5
Let r be (10/3*3)/2. Suppose 0*c = -r*c. What is the units digit of 0 + 3 + 0 + c?
3
Let n = -103 - -82. What is the tens digit of 136/(-6)*n/(-28)*-4?
6
Let c(i) = 8*i + 4*i - 19 - 2*i - 2*i + i**2. What is the tens digit of c(7)?
8
Suppose 0 = 37*n - 21*n - 7120. What is the hundreds digit of n?
4
Let q be ((-176)/6)/((-10)/15). Suppose 4*u + 3*v + 0*v = q, 0 = -4*u + 3*v + 68. What is the tens digit of u?
1
Let q = -149 - 39. Let b = q + 364. What is the tens digit of b?
7
Suppose h + 3 + 5 = 5*q, h =